
Is 2276016521 a composite number?
False
Is 2789592617 prime?
False
Is 954288391 a composite number?
True
Is 890474341 prime?
False
Is 72125141 a composite number?
True
Is 1074334529 composite?
True
Is 33409819567 prime?
True
Is 99653491079 prime?
True
Is 205863997 composite?
True
Is 1813016753 a prime number?
True
Is 1554382307 composite?
False
Is 366387269 a prime number?
True
Is 8069262811 a prime number?
True
Is 30129854063 prime?
True
Is 58909325747 prime?
False
Is 2349641617 composite?
False
Is 1767295043 a prime number?
False
Is 154638427933 prime?
False
Is 86677011607 a prime number?
True
Is 1044199267 prime?
True
Is 452184851 a prime number?
True
Is 541485551 a prime number?
True
Is 1322266117 prime?
True
Is 4555463195 composite?
True
Is 850239967 composite?
True
Is 1244966817 a prime number?
False
Is 4948707833 prime?
False
Is 5363561311 a composite number?
False
Is 428515589 composite?
False
Is 7534409761 a composite number?
True
Is 5002010347 a composite number?
False
Is 28883429 a composite number?
False
Is 27323487397 a composite number?
False
Is 4388521439 a prime number?
True
Is 3545134655 prime?
False
Is 770437757 a composite number?
True
Is 622553159 a prime number?
True
Is 52957258282 prime?
False
Is 31476105707 a composite number?
False
Is 1601331463 composite?
False
Is 4162723171 a prime number?
True
Is 2301159011 a composite number?
True
Is 86799594127 prime?
False
Is 563822563 a composite number?
True
Is 2209777307 a composite number?
True
Is 5111195987 composite?
True
Is 26562036047 composite?
False
Is 1822387157 prime?
True
Is 1827986659 composite?
True
Is 4210821421 prime?
True
Is 20263601 a prime number?
True
Is 516096773 a prime number?
False
Is 1649248871 prime?
True
Is 1420536629 composite?
True
Is 249131319793 a prime number?
False
Is 37603185311 prime?
True
Is 26948051503 prime?
True
Is 235736981 a prime number?
True
Is 29463778093 a prime number?
True
Is 11076917659 prime?
False
Is 5590260691 a composite number?
False
Is 3532157158 composite?
True
Is 6652709599 a prime number?
True
Is 4611107021 a composite number?
True
Is 2845023953 prime?
False
Is 66002633923 a prime number?
True
Is 1717460989 a composite number?
True
Is 15831687385 prime?
False
Is 3011001109 a prime number?
False
Is 704248451 composite?
True
Is 56774426459 prime?
True
Is 9654176137 a composite number?
True
Is 10352900801 a prime number?
True
Is 454308511 a composite number?
False
Is 29148989 a composite number?
False
Is 178678303 a prime number?
True
Is 109385423297 a composite number?
False
Is 10759426187 a composite number?
False
Is 12397174963 a prime number?
False
Is 9130131581 a prime number?
False
Is 380386511 a prime number?
False
Is 23919733649 a prime number?
False
Is 60086701 a composite number?
False
Is 1747140331 a composite number?
True
Is 35728251431 a composite number?
False
Is 3418052567 a composite number?
False
Is 1098025967 a composite number?
False
Is 11462595407 a prime number?
True
Is 9937082429 a prime number?
False
Is 49689667657 composite?
True
Is 7894556731 composite?
True
Is 322356359 composite?
True
Is 2241160699 a composite number?
True
Is 74430585181 composite?
True
Is 775067849 a composite number?
False
Is 3195946231 a prime number?
False
Is 2761413433 composite?
False
Is 2542200301 a prime number?
True
Is 236127511 prime?
True
Is 175639913 composite?
False
Is 4191399859 prime?
True
Is 19748625409 a composite number?
False
Is 46368508279 prime?
False
Is 12311775043 a composite number?
True
Is 1856714521 composite?
False
Is 3306686062 a composite number?
True
Is 829740851 a composite number?
False
Is 24572389189 prime?
True
Is 738118477 prime?
False
Is 38253773119 prime?
True
Is 1822202245 a composite number?
True
Is 1330250593 a prime number?
False
Is 6072325277 composite?
False
Is 269300851243 prime?
False
Is 134730751 prime?
True
Is 15234335047 prime?
True
Is 53816869373 a prime number?
True
Is 40658394649 prime?
True
Is 319353589 composite?
True
Is 23962713277 composite?
True
Is 11752858021 a prime number?
False
Is 279196657 composite?
False
Is 1862403371 prime?
False
Is 104968832081 composite?
True
Is 102491474951 composite?
False
Is 713323867 composite?
True
Is 2065516711 composite?
True
Is 10082294227 composite?
True
Is 12485949677 composite?
True
Is 9209431277 a composite number?
False
Is 640670189 prime?
False
Is 18205714061 prime?
True
Is 4045351741 composite?
False
Is 4360742869 prime?
False
Is 82236227665 a prime number?
False
Is 322187462 composite?
True
Is 11366685961 prime?
True
Is 37272821717 composite?
False
Is 408486671 a composite number?
False
Is 1364177179 composite?
False
Is 2457259433 a prime number?
False
Is 27790062323 prime?
True
Is 13848937463 composite?
True
Is 130996992151 composite?
False
Is 9993722759 prime?
True
Is 1879504007 a prime number?
False
Is 16770111167 composite?
False
Is 57913420457 composite?
True
Is 519456617 a composite number?
False
Is 256574453 a composite number?
True
Is 2538443 prime?
True
Is 848573249 a composite number?
False
Is 20862234499 composite?
False
Is 543939373 prime?
True
Is 22238896321 composite?
True
Is 351046849 prime?
False
Is 2059292877 composite?
True
Is 185015591 a prime number?
False
Is 5688943787 a prime number?
True
Is 182647105 prime?
False
Is 32102665313 a prime number?
True
Is 1189946557 composite?
False
Is 62570491 composite?
False
Is 54064584163 composite?
False
Is 2904146423 prime?
False
Is 239155621 composite?
False
Is 583036999 a composite number?
False
Is 8794524749 prime?
False
Is 252862789 a prime number?
False
Is 4355876363 composite?
False
Is 522718753 a composite number?
False
Is 1209217013 a prime number?
False
Is 429037927 a composite number?
False
Is 1241980573 prime?
True
Is 1169327801 a prime number?
True
Is 35198327 a composite number?
True
Is 1070877979 a composite number?
True
Is 5393660279 a prime number?
False
Is 7058419 a composite number?
False
Is 22493999 a composite number?
True
Is 7948576345 composite?
True
Is 1133562757 a prime number?
False
Is 47841976717 a prime number?
False
Is 20305485595 a prime number?
False
Is 2976244561 a prime number?
True
Is 6862078127 a prime number?
False
Is 12136330721 a composite number?
False
Is 124888947023 a composite number?
False
Is 17548838023 composite?
False
Is 23035621291 a composite number?
True
Is 1649988226 a composite number?
True
Is 9035355389 a composite number?
False
Is 80034847 a prime number?
True
Is 6645180805 a composite number?
True
Is 611383813 composite?
True
Is 37169185523 prime?
True
Is 458988443 composite?
False
Is 3016427063 composite?
True
Is 321024757 a prime number?
True
Is 468263883 composite?
True
Is 24207672791 a prime number?
False
Is 548074063 prime?
False
Is 556614563 a prime number?
True
Is 58624679 composite?
False
Is 780471703 a prime number?
False
Is 15254760949 a prime number?
True
Is 3696474979 composite?
False
Is 321197604167 prime?
False
Is 10546505063 composite?
False
Is 562871563 a prime number?
True
Is 270869087 a composite number?
False
Is 809881549 a prime number?
False
Is 2929830151 a composite number?
False
Is 747750413 prime?
False
Is 11475651619 a prime number?
True
Is 18550277 prime?
False
Is 2069961211 a composite number?
False
Is 465424189 a composite number?
False
Is 1178358446 composite?
True
Is 840666851 a prime number?
True
Is 6429738437 a composite number?
False
Is 18175475534 composite?
True
Is 90391409 a prime number?
True
Is 60713439697 composite?
False
Is 4916224561 a prime number?
True
Is 3781871729 a prime number?
False
Is 1580897347 prime?
True
Is 784933193 composite?
True
Is 312948731 a composite number?
True
Is 568852841 composite?
False
Is 2291563303 a prime number?
False
Is 2818789219 a prime number?
False
Is 1257101773 composite?
True
Is 1500729931 prime?
True
Is 4067332823 a prime number?
False
Is 1435218391 a prime number?
False
Is 263146687 a prime number?
False
Is 29070911 a composite number?
True
Is 13178421523 a composite number?
False
Is 4787626379 a composite number?
True
Is 28994689 prime?
True
Is 334711469 composite?
False
Is 8264866153 a prime number?
False
Is 10617312161 a composite number?
False
Is 42259673 prime?
True
Is 28282464407 a prime number?
True
Is 7912239677 prime?
False
Is 21766912